{"id":763,"date":"2023-11-09T19:47:21","date_gmt":"2023-11-09T18:47:21","guid":{"rendered":"https:\/\/veneziaexperiencetour.com\/?post_type=product&#038;p=763"},"modified":"2023-11-09T19:47:22","modified_gmt":"2023-11-09T18:47:22","slug":"cupola-tour","status":"publish","type":"product","link":"https:\/\/veneziaexperiencetour.com\/index.php\/product\/cupola-tour\/","title":{"rendered":"Cupola Tour"},"content":{"rendered":"<p>Florence\u00a0Duomo\u00a0tour is an exclusive adventure of discovering the beauty of Santa Maria del Fiore Cathedral. This 13th centaury gothic\u00a0church is a pearl of Florentine architecture and now is considered the fourth biggest church in Europe. 13 centaury represents the golden age of Florence. A period of political and economic growth which needed to be shown off be an incredible monument. Built throughout decades and involving the greatest minds of the time such as Arnolfo, Talenti, and Roneleschi, Santa Maria del Fiore became be the biggest church in the world during the 1400s.<\/p>\n<p>With pleasure we will indulge you in stories, incredible engineering innovations legends and long kept secrets of this unique Cathedral.<\/p>\n<p>We will climb to the top of the largest Dome in the world built by F. Brunelleschi, where you can take in one of the most amazing views of Florence. It\u2019s a brisk cardiovascular climb of 463 steps, so we want you to be well hydrated and charged with healthy sugars.<\/p>\n<p><strong>Please Note:<\/strong><\/p>\n<ul>\n<li>Be sure to come with your knees and shoulders covered as it is mandatory by the cathedral.<\/li>\n<li>Unfortunately the Duomo complex does not allow anyone skip the line due to regulations<\/li>\n<\/ul>\n","protected":false},"excerpt":{"rendered":"<p>Savor remarkable vistas and discover fascinating tales surrounding Italy\u2019s second-largest Duomo. Ascend the historic 463 steps to behold the stunning city of Florence from a fresh and unique vantage point. Make the most of this exceptional photo opportunity and capture breathtaking panoramic scenes that will leave you awestruck! Somos uma ag\u00eancia com anos de experi\u00eancia e paix\u00e3o por esta cidade de arte e hist\u00f3ria, n\u00f3s estamos aqui para tornar sua visita memor\u00e1vel. Nossos guias especializados oferecer\u00e3o uma perspectiva \u00fanica sobre os tesouros de Floren\u00e7a, levando voc\u00ea a explorar os encantos de suas ruas hist\u00f3ricas, descobrir obras-primas nas galerias e saborear a aut\u00eantica culin\u00e1ria toscana. Deixe-nos cuidar de todos os detalhes da sua viagem, para que voc\u00ea possa aproveitar cada momento de sua estadia na bela Floren\u00e7a.<\/p>\n","protected":false},"featured_media":768,"comment_status":"open","ping_status":"closed","template":"","meta":{"site-sidebar-layout":"default","site-content-layout":"","ast-site-content-layout":"default","site-content-style":"default","site-sidebar-style":"default","ast-global-header-display":"","ast-banner-title-visibility":"","ast-main-header-display":"","ast-hfb-above-header-display":"","ast-hfb-below-header-display":"","ast-hfb-mobile-header-display":"","site-post-title":"","ast-breadcrumbs-content":"","ast-featured-img":"","footer-sml-layout":"","ast-disable-related-posts":"","theme-transparent-header-meta":"default","adv-header-id-meta":"","stick-header-meta":"","header-above-stick-meta":"","header-main-stick-meta":"","header-below-stick-meta":"","astra-migrate-meta-layouts":"set","ast-page-background-enabled":"default","ast-page-background-meta":{"desktop":{"background-color":"","background-image":"","background-repeat":"repeat","background-position":"center center","background-size":"auto","background-attachment":"scroll","background-type":"","background-media":"","overlay-type":"","overlay-color":"","overlay-opacity":"","overlay-gradient":""},"tablet":{"background-color":"","background-image":"","background-repeat":"repeat","background-position":"center center","background-size":"auto","background-attachment":"scroll","background-type":"","background-media":"","overlay-type":"","overlay-color":"","overlay-opacity":"","overlay-gradient":""},"mobile":{"background-color":"","background-image":"","background-repeat":"repeat","background-position":"center center","background-size":"auto","background-attachment":"scroll","background-type":"","background-media":"","overlay-type":"","overlay-color":"","overlay-opacity":"","overlay-gradient":""}},"ast-content-background-meta":{"desktop":{"background-color":"var(--ast-global-color-5)","background-image":"","background-repeat":"repeat","background-position":"center center","background-size":"auto","background-attachment":"scroll","background-type":"","background-media":"","overlay-type":"","overlay-color":"","overlay-opacity":"","overlay-gradient":""},"tablet":{"background-color":"var(--ast-global-color-5)","background-image":"","background-repeat":"repeat","background-position":"center center","background-size":"auto","background-attachment":"scroll","background-type":"","background-media":"","overlay-type":"","overlay-color":"","overlay-opacity":"","overlay-gradient":""},"mobile":{"background-color":"var(--ast-global-color-5)","background-image":"","background-repeat":"repeat","background-position":"center center","background-size":"auto","background-attachment":"scroll","background-type":"","background-media":"","overlay-type":"","overlay-color":"","overlay-opacity":"","overlay-gradient":""}}},"product_brand":[],"product_cat":[21],"product_tag":[],"class_list":{"0":"post-763","1":"product","2":"type-product","3":"status-publish","4":"has-post-thumbnail","6":"product_cat-florence","7":"desktop-align-left","8":"tablet-align-left","9":"mobile-align-left","11":"first","12":"instock","13":"shipping-taxable","14":"product-type-simple"},"_links":{"self":[{"href":"https:\/\/veneziaexperiencetour.com\/index.php\/wp-json\/wp\/v2\/product\/763","targetHints":{"allow":["GET"]}}],"collection":[{"href":"https:\/\/veneziaexperiencetour.com\/index.php\/wp-json\/wp\/v2\/product"}],"about":[{"href":"https:\/\/veneziaexperiencetour.com\/index.php\/wp-json\/wp\/v2\/types\/product"}],"replies":[{"embeddable":true,"href":"https:\/\/veneziaexperiencetour.com\/index.php\/wp-json\/wp\/v2\/comments?post=763"}],"wp:featuredmedia":[{"embeddable":true,"href":"https:\/\/veneziaexperiencetour.com\/index.php\/wp-json\/wp\/v2\/media\/768"}],"wp:attachment":[{"href":"https:\/\/veneziaexperiencetour.com\/index.php\/wp-json\/wp\/v2\/media?parent=763"}],"wp:term":[{"taxonomy":"product_brand","embeddable":true,"href":"https:\/\/veneziaexperiencetour.com\/index.php\/wp-json\/wp\/v2\/product_brand?post=763"},{"taxonomy":"product_cat","embeddable":true,"href":"https:\/\/veneziaexperiencetour.com\/index.php\/wp-json\/wp\/v2\/product_cat?post=763"},{"taxonomy":"product_tag","embeddable":true,"href":"https:\/\/veneziaexperiencetour.com\/index.php\/wp-json\/wp\/v2\/product_tag?post=763"}],"curies":[{"name":"wp","href":"https:\/\/api.w.org\/{rel}","templated":true}]}}